{"id":175,"date":"2020-08-26T20:58:04","date_gmt":"2020-08-26T23:58:04","guid":{"rendered":"https:\/\/www.galaapart.com.ar\/web\/?page_id=175"},"modified":"2020-09-14T20:47:17","modified_gmt":"2020-09-14T23:47:17","slug":"blog","status":"publish","type":"page","link":"https:\/\/www.galaapart.com.ar\/web\/blog\/","title":{"rendered":"Blog"},"content":{"rendered":"<p>[et_pb_section fb_built=&#8221;1&#8243; _builder_version=&#8221;4.4.6&#8243; background_color=&#8221;rgba(0,0,0,0.33)&#8221; background_image=&#8221;https:\/\/www.galaapart.com.ar\/web\/wp-content\/uploads\/2020\/09\/bg1-min.jpg&#8221; background_blend=&#8221;multiply&#8221; animation_style=&#8221;fade&#8221;][et_pb_row _builder_version=&#8221;4.4.6&#8243;][et_pb_column type=&#8221;4_4&#8243; _builder_version=&#8221;4.4.6&#8243;][et_pb_text _builder_version=&#8221;4.4.6&#8243; text_text_color=&#8221;#ffffff&#8221; text_font_size=&#8221;34px&#8221; header_font=&#8221;Montserrat|300|||||||&#8221; header_text_color=&#8221;#ffffff&#8221; header_font_size=&#8221;70px&#8221; hover_enabled=&#8221;0&#8243; header_font_size_last_edited=&#8221;on|desktop&#8221; header_font_size_phone=&#8221;49px&#8221;]<\/p>\n<h1 style=\"text-align: center;\">BLOG<\/h1>\n<p>[\/et_pb_text][et_pb_text _builder_version=&#8221;4.4.6&#8243; text_font=&#8221;Roboto|300|||||||&#8221; text_text_color=&#8221;#ffffff&#8221; text_font_size=&#8221;18px&#8221; text_line_height=&#8221;1.8em&#8221; width=&#8221;70%&#8221; module_alignment=&#8221;center&#8221; hover_enabled=&#8221;0&#8243; text_font_size_last_edited=&#8221;on|desktop&#8221; text_font_size_phone=&#8221;15px&#8221;]<\/p>\n<p style=\"text-align: center;\">Este es un espacio creado para compartir con ustedes nuestro lugar, sus caracter\u00edsticas, acercarlos a Mar de las Pampas, su historia, pol\u00edticas de cuidado del medio ambiente y todo lo que creemos puede interesarles acerca de este m\u00e1gico destino.<\/p>\n<p>[\/et_pb_text][\/et_pb_column][\/et_pb_row][\/et_pb_section][et_pb_section fb_built=&#8221;1&#8243; _builder_version=&#8221;4.4.6&#8243; animation_style=&#8221;fade&#8221;][et_pb_row _builder_version=&#8221;4.4.6&#8243;][et_pb_column type=&#8221;4_4&#8243; _builder_version=&#8221;4.4.6&#8243;][et_pb_blog fullwidth=&#8221;off&#8221; include_categories=&#8221;9,1&#8243; show_author=&#8221;off&#8221; show_date=&#8221;off&#8221; show_categories=&#8221;off&#8221; use_overlay=&#8221;on&#8221; overlay_icon_color=&#8221;#ffffff&#8221; hover_overlay_color=&#8221;rgba(130,130,130,0.58)&#8221; hover_icon=&#8221;%%47%%&#8221; _builder_version=&#8221;4.4.6&#8243; header_font=&#8221;Montserrat|300||on|||||&#8221; header_line_height=&#8221;1.8em&#8221; body_font=&#8221;Roboto|300|||||||&#8221; body_text_align=&#8221;justify&#8221; body_text_color=&#8221;#000000&#8243; body_line_height=&#8221;1.8em&#8221;][\/et_pb_blog][\/et_pb_column][\/et_pb_row][\/et_pb_section][et_pb_section fb_built=&#8221;1&#8243; disabled_on=&#8221;on|on|off&#8221; module_class=&#8221;flex-columns&#8221; _builder_version=&#8221;4.4.6&#8243; background_color=&#8221;#222222&#8243; saved_tabs=&#8221;all&#8221; global_module=&#8221;751&#8243;][et_pb_row column_structure=&#8221;1_4,1_4,1_4,1_4&#8243; _builder_version=&#8221;4.4.6&#8243; max_width=&#8221;100%&#8221;][et_pb_column type=&#8221;1_4&#8243; _builder_version=&#8221;4.4.6&#8243;][et_pb_text _builder_version=&#8221;4.4.6&#8243; text_font=&#8221;|300|||||||&#8221; text_text_color=&#8221;#ffffff&#8221; text_font_size=&#8221;18px&#8221; link_option_url=&#8221;info@galaapart.com.ar&#8221;]<\/p>\n<p>D\u00f3nde estamos:<\/p>\n<p>Yaganes 47, Mar de las Pampas, Buenos Aires.<\/p>\n<p>[\/et_pb_text][et_pb_image src=&#8221;https:\/\/www.galaapart.com.ar\/web\/wp-content\/uploads\/2020\/08\/Gala-Logo-blanco.png&#8221; title_text=&#8221;Gala-Logo-blanco&#8221; _builder_version=&#8221;4.4.6&#8243; width=&#8221;70%&#8221; module_alignment=&#8221;left&#8221;][\/et_pb_image][\/et_pb_column][et_pb_column type=&#8221;1_4&#8243; _builder_version=&#8221;4.4.6&#8243;][et_pb_text _builder_version=&#8221;4.4.6&#8243; text_font=&#8221;|300|||||||&#8221; text_text_color=&#8221;#ffffff&#8221; text_font_size=&#8221;18px&#8221; link_option_url=&#8221;info@galaapart.com.ar&#8221;]<\/p>\n<p>Reservas:<\/p>\n<p><a href=\"mailto:info@galaapart.com.ar\">info@galaapart.com.ar<\/a><\/p>\n<p>(2255) 48-0411<\/p>\n<p>(02255) 47-6899<\/p>\n<p>[\/et_pb_text][\/et_pb_column][et_pb_column type=&#8221;1_4&#8243; _builder_version=&#8221;4.4.6&#8243;][et_pb_text _builder_version=&#8221;4.4.6&#8243; text_font=&#8221;|300|||||||&#8221; text_text_color=&#8221;#ffffff&#8221; text_font_size=&#8221;18px&#8221; custom_margin=&#8221;||1px|||&#8221; link_option_url=&#8221;info@galaapart.com.ar&#8221;]<\/p>\n<p>Newsletter:<\/p>\n<p>[\/et_pb_text][et_pb_signup mailchimp_list=&#8221;Gala web|5e5127b09e&#8221; name_field=&#8221;on&#8221; success_message=&#8221;\u00a1Gracias por suscribirte!&#8221; button_text=&#8221;Suscribite&#8221; _builder_version=&#8221;4.4.6&#8243; form_field_text_color=&#8221;rgba(0,0,0,0.8)&#8221; background_enable_color=&#8221;off&#8221; custom_button=&#8221;on&#8221; button_text_color=&#8221;#222222&#8243; button_bg_color=&#8221;#ffffff&#8221; button_border_radius=&#8221;0px&#8221; button_icon=&#8221;%%3%%&#8221; button_on_hover=&#8221;off&#8221; custom_padding=&#8221;2px|0px||0px||&#8221;][et_pb_signup_custom_field field_id=&#8221;Field_1&#8243; _builder_version=&#8221;4.4.6&#8243;][\/et_pb_signup_custom_field][\/et_pb_signup][et_pb_social_media_follow icon_color=&#8221;#444444&#8243; _builder_version=&#8221;4.4.6&#8243;][et_pb_social_media_follow_network social_network=&#8221;facebook&#8221; url=&#8221;https:\/\/www.facebook.com\/Galaapart&#8221; use_icon_font_size=&#8221;on&#8221; icon_font_size=&#8221;24px&#8221; _builder_version=&#8221;4.4.6&#8243; background_color=&#8221;#ffffff&#8221; background_enable_color=&#8221;on&#8221; follow_button=&#8221;off&#8221; url_new_window=&#8221;on&#8221;]facebook[\/et_pb_social_media_follow_network][et_pb_social_media_follow_network social_network=&#8221;instagram&#8221; url=&#8221;https:\/\/www.instagram.com\/apart_gala\/&#8221; use_icon_font_size=&#8221;on&#8221; icon_font_size=&#8221;24px&#8221; _builder_version=&#8221;4.4.6&#8243; background_color=&#8221;#ffffff&#8221; background_enable_color=&#8221;on&#8221; follow_button=&#8221;off&#8221; url_new_window=&#8221;on&#8221;]instagram[\/et_pb_social_media_follow_network][\/et_pb_social_media_follow][\/et_pb_column][et_pb_column type=&#8221;1_4&#8243; _builder_version=&#8221;4.4.6&#8243;][et_pb_image src=&#8221;https:\/\/www.galaapart.com.ar\/web\/wp-content\/uploads\/2020\/08\/booking-award-2020-min.jpg&#8221; title_text=&#8221;booking award 2020-min&#8221; align=&#8221;center&#8221; _builder_version=&#8221;4.4.6&#8243;][\/et_pb_image][\/et_pb_column][\/et_pb_row][\/et_pb_section][et_pb_section fb_built=&#8221;1&#8243; disabled_on=&#8221;off|off|on&#8221; module_class=&#8221;flex-columns&#8221; _builder_version=&#8221;4.4.6&#8243; background_color=&#8221;#222222&#8243; saved_tabs=&#8221;all&#8221; global_module=&#8221;753&#8243;][et_pb_row column_structure=&#8221;1_2,1_2&#8243; _builder_version=&#8221;4.4.6&#8243; max_width=&#8221;100%&#8221;][et_pb_column type=&#8221;1_2&#8243; _builder_version=&#8221;4.4.6&#8243;][et_pb_text _builder_version=&#8221;4.4.6&#8243; text_font=&#8221;|300|||||||&#8221; text_text_color=&#8221;#ffffff&#8221; min_height=&#8221;142px&#8221; link_option_url=&#8221;info@galaapart.com.ar&#8221;]<\/p>\n<p>D\u00f3nde estamos:<\/p>\n<p>Yaganes 47, Mar de las Pampas, Buenos Aires.<\/p>\n<p>[\/et_pb_text][et_pb_text _builder_version=&#8221;4.4.6&#8243; text_font=&#8221;|300|||||||&#8221; text_text_color=&#8221;#ffffff&#8221; custom_margin=&#8221;||1px|||&#8221; link_option_url=&#8221;info@galaapart.com.ar&#8221;]<\/p>\n<p>Newsletter:<\/p>\n<p>[\/et_pb_text][et_pb_signup mailchimp_list=&#8221;Gala web|5e5127b09e&#8221; name_field=&#8221;on&#8221; success_message=&#8221;\u00a1Gracias por suscribirte!&#8221; button_text=&#8221;Suscribite&#8221; _builder_version=&#8221;4.4.6&#8243; form_field_text_color=&#8221;rgba(0,0,0,0.8)&#8221; background_enable_color=&#8221;off&#8221; custom_button=&#8221;on&#8221; button_text_color=&#8221;#222222&#8243; button_bg_color=&#8221;#ffffff&#8221; button_border_radius=&#8221;0px&#8221; button_icon=&#8221;%%3%%&#8221; button_on_hover=&#8221;off&#8221; min_height=&#8221;203px&#8221; custom_padding=&#8221;2px|0px||0px||&#8221;][et_pb_signup_custom_field field_id=&#8221;Field_1&#8243; _builder_version=&#8221;4.4.6&#8243;][\/et_pb_signup_custom_field][\/et_pb_signup][et_pb_image src=&#8221;https:\/\/www.galaapart.com.ar\/web\/wp-content\/uploads\/2020\/08\/Gala-Logo-blanco.png&#8221; title_text=&#8221;Gala-Logo-blanco&#8221; _builder_version=&#8221;4.4.6&#8243; width=&#8221;70%&#8221; module_alignment=&#8221;left&#8221;][\/et_pb_image][\/et_pb_column][et_pb_column type=&#8221;1_2&#8243; _builder_version=&#8221;4.4.6&#8243;][et_pb_text _builder_version=&#8221;4.4.6&#8243; text_font=&#8221;|300|||||||&#8221; text_text_color=&#8221;#ffffff&#8221; link_option_url=&#8221;info@galaapart.com.ar&#8221;]<\/p>\n<p>Reservas:<\/p>\n<p><a href=\"mailto:info@galaapart.com.ar\">info@galaapart.com.ar<\/a><\/p>\n<p>(2255) 48-0411<\/p>\n<p>(02255) 47-6899<\/p>\n<p>[\/et_pb_text][et_pb_image src=&#8221;https:\/\/www.galaapart.com.ar\/web\/wp-content\/uploads\/2020\/08\/booking-award-2020-min.jpg&#8221; title_text=&#8221;booking award 2020-min&#8221; align=&#8221;center&#8221; _builder_version=&#8221;4.4.6&#8243; width=&#8221;80%&#8221; custom_margin=&#8221;26px||||false|false&#8221; custom_padding=&#8221;42px||||false|false&#8221;][\/et_pb_image][et_pb_social_media_follow icon_color=&#8221;#444444&#8243; _builder_version=&#8221;4.4.6&#8243; text_orientation=&#8221;center&#8221;][et_pb_social_media_follow_network social_network=&#8221;facebook&#8221; url=&#8221;https:\/\/www.facebook.com\/Galaapart&#8221; use_icon_font_size=&#8221;on&#8221; icon_font_size=&#8221;24px&#8221; _builder_version=&#8221;4.4.6&#8243; background_color=&#8221;#ffffff&#8221; background_enable_color=&#8221;on&#8221; follow_button=&#8221;off&#8221; url_new_window=&#8221;on&#8221;]facebook[\/et_pb_social_media_follow_network][et_pb_social_media_follow_network social_network=&#8221;instagram&#8221; url=&#8221;https:\/\/www.instagram.com\/apart_gala\/&#8221; use_icon_font_size=&#8221;on&#8221; icon_font_size=&#8221;24px&#8221; _builder_version=&#8221;4.4.6&#8243; background_color=&#8221;#ffffff&#8221; background_enable_color=&#8221;on&#8221; follow_button=&#8221;off&#8221; url_new_window=&#8221;on&#8221;]instagram[\/et_pb_social_media_follow_network][\/et_pb_social_media_follow][\/et_pb_column][\/et_pb_row][\/et_pb_section]<\/p>\n","protected":false},"excerpt":{"rendered":"<p>BLOGEste es un espacio creado para compartir con ustedes nuestro lugar, sus caracter\u00edsticas, acercarlos a Mar de las Pampas, su historia, pol\u00edticas de cuidado del medio ambiente y todo lo que creemos puede interesarles acerca de este m\u00e1gico destino.D\u00f3nde estamos: Yaganes 47, Mar de las Pampas, Buenos Aires.Reservas: info@galaapart.com.ar (2255) 48-0411 (02255) 47-6899Newsletter:D\u00f3nde estamos: Yaganes [&hellip;]<\/p>\n","protected":false},"author":1,"featured_media":0,"parent":0,"menu_order":0,"comment_status":"closed","ping_status":"closed","template":"","meta":{"_et_pb_use_builder":"on","_et_pb_old_content":"","_et_gb_content_width":"","_joinchat":[],"footnotes":""},"class_list":["post-175","page","type-page","status-publish","hentry"],"_links":{"self":[{"href":"https:\/\/www.galaapart.com.ar\/web\/wp-json\/wp\/v2\/pages\/175","targetHints":{"allow":["GET"]}}],"collection":[{"href":"https:\/\/www.galaapart.com.ar\/web\/wp-json\/wp\/v2\/pages"}],"about":[{"href":"https:\/\/www.galaapart.com.ar\/web\/wp-json\/wp\/v2\/types\/page"}],"author":[{"embeddable":true,"href":"https:\/\/www.galaapart.com.ar\/web\/wp-json\/wp\/v2\/users\/1"}],"replies":[{"embeddable":true,"href":"https:\/\/www.galaapart.com.ar\/web\/wp-json\/wp\/v2\/comments?post=175"}],"version-history":[{"count":16,"href":"https:\/\/www.galaapart.com.ar\/web\/wp-json\/wp\/v2\/pages\/175\/revisions"}],"predecessor-version":[{"id":804,"href":"https:\/\/www.galaapart.com.ar\/web\/wp-json\/wp\/v2\/pages\/175\/revisions\/804"}],"wp:attachment":[{"href":"https:\/\/www.galaapart.com.ar\/web\/wp-json\/wp\/v2\/media?parent=175"}],"curies":[{"name":"wp","href":"https:\/\/api.w.org\/{rel}","templated":true}]}}